t common divisor of 9207 and 3396789.
297
Calculate the highest common divisor of 816 and 325628880.
816
Calculate the highest common divisor of 20 and 4356155.
5
What is the highest common divisor of 19656 and 26274?
6
Calculate the highest common factor of 128 and 1741528.
8
What is the highest common factor of 2200936 and 19116?
236
What is the highest common factor of 607920 and 1275?
255
What is the highest common divisor of 7 and 49176813?
7
What is the greatest common divisor of 248 and 1385824?
248
What is the highest common factor of 12 and 15411246?
6
Calculate the highest common divisor of 57 and 16268731.
19
Calculate the greatest common factor of 572985064 and 23720.
4744
What is the greatest common factor of 14664 and 5536788?
564
What is the highest common divisor of 75254 and 17475082?
394
Calculate the highest common factor of 16098 and 33.
3
Calculate the greatest common divisor of 32 and 38665552.
16
What is the greatest common factor of 108950853 and 627?
33
What is the highest common factor of 9760 and 122224?
16
What is the greatest common factor of 156924843 and 27351?
3039
Calculate the greatest common factor of 9115425 and 99.
99
What is the highest common divisor of 254530 and 105?
5
What is the highest common factor of 941055 and 2?
1
Calculate the greatest common divisor of 48375420 and 110.
10
What is the highest common divisor of 6 and 6282006?
6
Calculate the greatest common factor of 4631 and 53063682.
421
What is the highest common factor of 241230752 and 112?
112
Calculate the highest common divisor of 1476525 and 14925.
75
What is the greatest common factor of 294 and 394383654?
294
Calculate the greatest common divisor of 765 and 1196035.
85
What is the greatest common factor of 275 and 54501931?
11
What is the highest common divisor of 6 and 125986578?
6
What is the highest common divisor of 68 and 249858741?
17
What is the greatest common divisor of 12498937 and 121?
121
What is the greatest common factor of 18909044 and 588?
28
Calculate the greatest common factor of 20 and 1103865740.
20
What is the highest common factor of 1104272 and 10114?
26
Calculate the highest common factor of 124419762 and 3258.
3258
Calculate the greatest common factor of 11753572 and 19928.
188
Calculate the greatest common divisor of 2397653 and 31894.
431
Calculate the greatest common factor of 12 and 668912040.
12
Calculate the greatest common divisor of 198506923 and 3272.
409
Calculate the highest common divisor of 33695 and 2062720.
1465
Calculate the greatest common divisor of 452597580 and 60.
60
Calculate the greatest common divisor of 160 and 285838640.
80
Calculate the greatest common factor of 1050 and 139902.
42
Calculate the greatest common divisor of 51965809 and 161.
161
What is the greatest common divisor of 82593 and 170297589?
9177
What is the greatest common factor of 2874 and 9137404?
958
What is the highest common divisor of 4482400 and 675?
25
What is the highest common factor of 149 and 1570831159?
149
Calculate the highest common divisor of 304822 and 49.
7
Calculate the greatest common divisor of 319136365 and 1565.
1565
Calculate the greatest common factor of 8528 and 217136.
656
What is the greatest common factor of 617184 and 3231?
9
Calculate the highest common divisor of 2875 and 35075.
575
What is the greatest common factor of 38831 and 59566?
377
Calculate the highest common factor of 435 and 20965405.
145
What is the highest common factor of 9 and 2373147288?
9
Calculate the greatest common factor of 12029 and 579531.
23
What is the highest common divisor of 702 and 9392370?
78
Calculate the greatest common divisor of 324 and 9447402.
6
Calculate the greatest common factor of 199297120 and 136.
136
What is the greatest common divisor of 254303 and 184331?
119
What is the greatest common divisor of 36571731 and 441?
21
What is the greatest common divisor of 97290 and 20680?
470
What is the greatest common factor of 3740 and 86550060?
340
Calculate the highest common divisor of 21416230 and 82555.
1045
What is the highest common factor of 19279508 and 3284144?
9892
What is the highest common factor of 3475219 and 4950?
11
Calculate the highest common factor of 8217 and 16649883.
747
What is the highest common factor of 225561 and 43470?
483
What is the greatest common factor of 84 and 259141308?
12
What is the greatest common divisor of 380 and 1164860?
20
What is the highest common divisor of 24624 and 930867?
57
What is the greatest common factor of 531 and 12462629?
59
What is the highest common factor of 5178699 and 405?
9
What is the greatest common divisor of 738 and 66162?
6
Calculate the highest common factor of 14050 and 1155472.
562
What is the greatest common divisor of 7382376 and 549?
9
What is the greatest common factor of 249746 and 12908?
14
Calculate the highest common factor of 2032 and 1337862704.
2032
What is the greatest common factor of 177084 and 43920?
36
What is the greatest common divisor of 1018042868 and 212?
212
What is the highest common factor of 75 and 7532655?
15
Calculate the highest common divisor of 178217340 and 37905.
1995
Calculate the greatest common divisor of 2050234 and 17.
17
Calculate the highest common factor of 23347 and 2837493.
37
Calculate the greatest common factor of 960914 and 19646410.
9514
Calculate the highest common divisor of 1168182105 and 15.
15
What is the greatest common divisor of 3640 and 476866?
26
Calculate the highest common factor of 72192 and 2162.
94
Calculate the highest common divisor of 141840394 and 18344.
4586
Calculate the highest common divisor of 589225 and 1198652.
3367
Calculate the greatest common divisor of 6482 and 826030429.
3241
What is the greatest common divisor of 3642588 and 36?
36
What is the highest common factor of 4568871 and 8103?
111
Calculate the highest common divisor of 68252 and 371309.
151
What is the greatest common divisor of 9882 and 623687607?
4941
Calculate the highest common divisor of 183 and 4575976.
61
What is the greatest common factor of 7 and 81912901?
7
What is the highest common factor of 121435 and 44173?
163
Calculate the highest common divisor of 30 and 37191730.
10
Calculate the greatest common divisor of 4412 and 170859112.
4412
What is the highest common divisor of 752575292 and 71?
71
What is the greatest common factor of 112201472 and 512?
256
What is the highest common factor of 4227047 and 528?
11
What is the greatest common divisor of 3124 and 36917444?
284
What is the highest common factor of 688050 and 12780?
90
Calculate the highest common divisor of 730 and 27054895.
365
What is the greatest common factor of 37230 and 490110?
510
Calculate the greatest common factor of 24 and 36856326.
6
What is the greatest common divisor of 31708145 and 2499?
833
Calculate the highest common divisor of 12240 and 587425140.
3060
What is the highest common factor of 368 and 1313047?
23
What is the highest common factor of 34391 and 3101259?
2023
What is the highest common divisor of 7737 and 75221693?
2579
Calculate the greatest common factor of 117921108 and 573.
573
Calculate the greatest common divisor of 46547458 and 568.
142
Calculate the greatest common divisor of 1 and 1717043.
1
What is the greatest common factor of 892596322 and 2924?
1462
What is the greatest common factor of 57722 and 284396?
98
What is the greatest common divisor of 2026015 and 1681?
41
Calculate the greatest common factor of 10128936 and 457920.
1272
What is the highest common divisor of 269468930 and 1770?
590
Calculate the greatest common divisor of 19195 and 2263265.
1745
Calculate the highest common divisor of 242835224 and 278.
278
Calculate the greatest common divisor of 10332 and 1436806665.
2583
Calculate the greatest common factor of 982825 and 6775.
25
Calculate the highest common factor of 1821413 and 1331.
121
What is the highest common divisor of 2369282 and 14093?
829
Calculate the greatest common factor of 22776033 and 2870.
287
Calculate the greatest common divisor of 2943540 and 1064394.
1242
Calculate the highest common divisor of 554741226 and 26.
26
What is the greatest common factor of 256608 and 24543?
243
What is the greatest common factor of 591900 and 6000?
300
What is the grea